{"id":66294,"date":"2026-05-01T10:49:36","date_gmt":"2026-05-01T09:49:36","guid":{"rendered":"https:\/\/portosigns.pt\/produto\/travessa-mini-sardinhas\/"},"modified":"2026-05-01T10:49:36","modified_gmt":"2026-05-01T09:49:36","slug":"travessa-mini-sardinhas","status":"publish","type":"product","link":"https:\/\/portosigns.pt\/en\/product\/travessa-mini-sardinhas\/","title":{"rendered":"Travessa Mini Sardinhas"},"content":{"rendered":"","protected":false},"excerpt":{"rendered":"<p>A Cole\u00e7\u00e3o Cal\u00e7ada Portuguesa, tem loi\u00e7a utilit\u00e1ria e decorativa e \u00e9 para uso na mesa ou cozinha.<\/p>\n<p>Os produtos para a mesa e cozinha, s\u00e3o feitos \u00e0 m\u00e3o em Portugal, por processos e t\u00e9cnicas tradicionais.<br \/>\nDisponibilizamos uma vasta oferta de artigos e muito funcionais: pratos, travessas, torteiras,  bases de quentes, base de copos e muito outros\u2026<br \/>\nPodem ser lavados na m\u00e1quina de lavar loi\u00e7a, ir ao forno e ao micro-ondas.<\/p>","protected":false},"featured_media":66295,"template":"","meta":{"site-sidebar-layout":"default","site-content-layout":"","ast-site-content-layout":"default","site-content-style":"default","site-sidebar-style":"default","ast-global-header-display":"","ast-banner-title-visibility":"","ast-main-header-display":"","ast-hfb-above-header-display":"","ast-hfb-below-header-display":"","ast-hfb-mobile-header-display":"","site-post-title":"","ast-breadcrumbs-content":"","ast-featured-img":"","footer-sml-layout":"","ast-disable-related-posts":"","theme-transparent-header-meta":"","adv-header-id-meta":"","stick-header-meta":"","header-above-stick-meta":"","header-main-stick-meta":"","header-below-stick-meta":"","astra-migrate-meta-layouts":"default","ast-page-background-enabled":"default","ast-page-background-meta":{"desktop":{"background-color":"var(--ast-global-color-5)","background-image":"","background-repeat":"repeat","background-position":"center center","background-size":"auto","background-attachment":"scroll","background-type":"","background-media":"","overlay-type":"","overlay-color":"","overlay-opacity":"","overlay-gradient":""},"tablet":{"background-color":"","background-image":"","background-repeat":"repeat","background-position":"center center","background-size":"auto","background-attachment":"scroll","background-type":"","background-media":"","overlay-type":"","overlay-color":"","overlay-opacity":"","overlay-gradient":""},"mobile":{"background-color":"","background-image":"","background-repeat":"repeat","background-position":"center center","background-size":"auto","background-attachment":"scroll","background-type":"","background-media":"","overlay-type":"","overlay-color":"","overlay-opacity":"","overlay-gradient":""}},"ast-content-background-meta":{"desktop":{"background-color":"var(--ast-global-color-4)","background-image":"","background-repeat":"repeat","background-position":"center center","background-size":"auto","background-attachment":"scroll","background-type":"","background-media":"","overlay-type":"","overlay-color":"","overlay-opacity":"","overlay-gradient":""},"tablet":{"background-color":"var(--ast-global-color-4)","background-image":"","background-repeat":"repeat","background-position":"center center","background-size":"auto","background-attachment":"scroll","background-type":"","background-media":"","overlay-type":"","overlay-color":"","overlay-opacity":"","overlay-gradient":""},"mobile":{"background-color":"var(--ast-global-color-4)","background-image":"","background-repeat":"repeat","background-position":"center center","background-size":"auto","background-attachment":"scroll","background-type":"","background-media":"","overlay-type":"","overlay-color":"","overlay-opacity":"","overlay-gradient":""}}},"product_brand":[103],"product_cat":[123,382],"product_tag":[],"class_list":{"0":"post-66294","1":"product","2":"type-product","3":"status-publish","4":"has-post-thumbnail","6":"product_brand-calcada","7":"product_cat-ceramica","8":"product_cat-mesa-e-cozinha","9":"desktop-align-left","10":"tablet-align-left","11":"mobile-align-left","13":"first","14":"instock","15":"taxable","16":"shipping-taxable","17":"purchasable","18":"product-type-simple"},"_links":{"self":[{"href":"https:\/\/portosigns.pt\/en\/wp-json\/wp\/v2\/product\/66294","targetHints":{"allow":["GET"]}}],"collection":[{"href":"https:\/\/portosigns.pt\/en\/wp-json\/wp\/v2\/product"}],"about":[{"href":"https:\/\/portosigns.pt\/en\/wp-json\/wp\/v2\/types\/product"}],"wp:featuredmedia":[{"embeddable":true,"href":"https:\/\/portosigns.pt\/en\/wp-json\/wp\/v2\/media\/66295"}],"wp:attachment":[{"href":"https:\/\/portosigns.pt\/en\/wp-json\/wp\/v2\/media?parent=66294"}],"wp:term":[{"taxonomy":"product_brand","embeddable":true,"href":"https:\/\/portosigns.pt\/en\/wp-json\/wp\/v2\/product_brand?post=66294"},{"taxonomy":"product_cat","embeddable":true,"href":"https:\/\/portosigns.pt\/en\/wp-json\/wp\/v2\/product_cat?post=66294"},{"taxonomy":"product_tag","embeddable":true,"href":"https:\/\/portosigns.pt\/en\/wp-json\/wp\/v2\/product_tag?post=66294"}],"curies":[{"name":"wp","href":"https:\/\/api.w.org\/{rel}","templated":true}]}}

<p>A Coleção Calçada Portuguesa, tem loiça utilitária e decorativa e é para uso na mesa ou cozinha.</p>
<p>Os produtos para a mesa e cozinha, são feitos à mão em Portugal, por processos e técnicas tradicionais.<br />
Disponibilizamos uma vasta oferta de artigos e muito funcionais: pratos, travessas, torteiras,  bases de quentes, base de copos e muito outros…<br />
Podem ser lavados na máquina de lavar loiça, ir ao forno e ao micro-ondas.</p>
