{"id":60402,"date":"2026-04-30T18:43:52","date_gmt":"2026-04-30T17:43:52","guid":{"rendered":"https:\/\/portosigns.pt\/produto\/jarro-pequeno-4\/"},"modified":"2026-04-30T18:43:52","modified_gmt":"2026-04-30T17:43:52","slug":"jarro-pequeno-4","status":"publish","type":"product","link":"https:\/\/portosigns.pt\/en\/product\/jarro-pequeno-4\/","title":{"rendered":"Jarro Pequeno"},"content":{"rendered":"","protected":false},"excerpt":{"rendered":"<p>Os produtos para a mesa e cozinha, s\u00e3o feitos \u00e0 m\u00e3o em Portugal, por processos e t\u00e9cnicas tradicionais.<br \/>\nDisponibilizamos uma vasta oferta de artigos, funcionais e alegres.<br \/>\nT\u00eam  formas, cores e temas convidativos e originais: pratos, travessas, torteiras, canecas, jarros, manteigueiras, copos de caf\u00e9, poke bowl e muito outros\u2026<br \/>\nS\u00e3o, por isso, para uso di\u00e1rio na sua mesa e cozinha.<br \/>\nPodem ser lavados na m\u00e1quina de lavar loi\u00e7a, ir ao forno e ao micro-ondas.<\/p>","protected":false},"featured_media":60403,"template":"","meta":{"site-sidebar-layout":"default","site-content-layout":"","ast-site-content-layout":"default","site-content-style":"default","site-sidebar-style":"default","ast-global-header-display":"","ast-banner-title-visibility":"","ast-main-header-display":"","ast-hfb-above-header-display":"","ast-hfb-below-header-display":"","ast-hfb-mobile-header-display":"","site-post-title":"","ast-breadcrumbs-content":"","ast-featured-img":"","footer-sml-layout":"","ast-disable-related-posts":"","theme-transparent-header-meta":"","adv-header-id-meta":"","stick-header-meta":"","header-above-stick-meta":"","header-main-stick-meta":"","header-below-stick-meta":"","astra-migrate-meta-layouts":"default","ast-page-background-enabled":"default","ast-page-background-meta":{"desktop":{"background-color":"var(--ast-global-color-5)","background-image":"","background-repeat":"repeat","background-position":"center center","background-size":"auto","background-attachment":"scroll","background-type":"","background-media":"","overlay-type":"","overlay-color":"","overlay-opacity":"","overlay-gradient":""},"tablet":{"background-color":"","background-image":"","background-repeat":"repeat","background-position":"center center","background-size":"auto","background-attachment":"scroll","background-type":"","background-media":"","overlay-type":"","overlay-color":"","overlay-opacity":"","overlay-gradient":""},"mobile":{"background-color":"","background-image":"","background-repeat":"repeat","background-position":"center center","background-size":"auto","background-attachment":"scroll","background-type":"","background-media":"","overlay-type":"","overlay-color":"","overlay-opacity":"","overlay-gradient":""}},"ast-content-background-meta":{"desktop":{"background-color":"var(--ast-global-color-4)","background-image":"","background-repeat":"repeat","background-position":"center center","background-size":"auto","background-attachment":"scroll","background-type":"","background-media":"","overlay-type":"","overlay-color":"","overlay-opacity":"","overlay-gradient":""},"tablet":{"background-color":"var(--ast-global-color-4)","background-image":"","background-repeat":"repeat","background-position":"center center","background-size":"auto","background-attachment":"scroll","background-type":"","background-media":"","overlay-type":"","overlay-color":"","overlay-opacity":"","overlay-gradient":""},"mobile":{"background-color":"var(--ast-global-color-4)","background-image":"","background-repeat":"repeat","background-position":"center center","background-size":"auto","background-attachment":"scroll","background-type":"","background-media":"","overlay-type":"","overlay-color":"","overlay-opacity":"","overlay-gradient":""}}},"product_brand":[169],"product_cat":[123,382],"product_tag":[],"class_list":{"0":"post-60402","1":"product","2":"type-product","3":"status-publish","4":"has-post-thumbnail","6":"product_brand-onyx","7":"product_cat-ceramica","8":"product_cat-mesa-e-cozinha","9":"desktop-align-left","10":"tablet-align-left","11":"mobile-align-left","13":"first","14":"instock","15":"taxable","16":"shipping-taxable","17":"purchasable","18":"product-type-simple"},"_links":{"self":[{"href":"https:\/\/portosigns.pt\/en\/wp-json\/wp\/v2\/product\/60402","targetHints":{"allow":["GET"]}}],"collection":[{"href":"https:\/\/portosigns.pt\/en\/wp-json\/wp\/v2\/product"}],"about":[{"href":"https:\/\/portosigns.pt\/en\/wp-json\/wp\/v2\/types\/product"}],"wp:featuredmedia":[{"embeddable":true,"href":"https:\/\/portosigns.pt\/en\/wp-json\/wp\/v2\/media\/60403"}],"wp:attachment":[{"href":"https:\/\/portosigns.pt\/en\/wp-json\/wp\/v2\/media?parent=60402"}],"wp:term":[{"taxonomy":"product_brand","embeddable":true,"href":"https:\/\/portosigns.pt\/en\/wp-json\/wp\/v2\/product_brand?post=60402"},{"taxonomy":"product_cat","embeddable":true,"href":"https:\/\/portosigns.pt\/en\/wp-json\/wp\/v2\/product_cat?post=60402"},{"taxonomy":"product_tag","embeddable":true,"href":"https:\/\/portosigns.pt\/en\/wp-json\/wp\/v2\/product_tag?post=60402"}],"curies":[{"name":"wp","href":"https:\/\/api.w.org\/{rel}","templated":true}]}}

<p>Os produtos para a mesa e cozinha, são feitos à mão em Portugal, por processos e técnicas tradicionais.<br />
Disponibilizamos uma vasta oferta de artigos, funcionais e alegres.<br />
Têm  formas, cores e temas convidativos e originais: pratos, travessas, torteiras, canecas, jarros, manteigueiras, copos de café, poke bowl e muito outros…<br />
São, por isso, para uso diário na sua mesa e cozinha.<br />
Podem ser lavados na máquina de lavar loiça, ir ao forno e ao micro-ondas.</p>
